when 26 + (2 + 0 - 4) is divided by m.
2
Suppose 0 = 3*p + 28 - 34. Suppose 3*x - 7*x = -16, -p*x - 21 = -b. Calculate the remainder when b is divided by 5.
4
Let w(f) = f**3 + 3*f**2 + 12*f - 63. Calculate the remainder when w(6) is divided by 21.
18
Let l(t) = 4*t - 1 - 23 - t. What is the remainder when 71 is divided by l(20)?
35
Let o = -3 - -10. Suppose o*f - 48 = 71. What is the remainder when f is divided by 5?
2
What is the remainder when -3*4/(-20) - 254/(-10) is divided by 22?
4
Suppose -5*j + 2 - 23 = -4*d, -3*d + 18 = -3*j. Let f = -8 + 14. What is the remainder when f/(126/(-44) - -3) is divided by d?
8
Suppose 4*w - w = q - 39, 5*q - 267 = -3*w. Suppose -2*f + q = 13. Let u = 104 + -48. What is the remainder when u is divided by f?
18
Let u(p) = p + 8. Let i be u(-8). Let t = 15 - i. Calculate the remainder when 44 is divided by (-2)/(2/t)*-1.
14
Let d = 588 + -550. Calculate the remainder when 301 is divided by d.
35
Calculate the remainder when 84 is divided by (-6)/(-4)*(6 + 32/6).
16
What is the remainder when 6/(-7) + 1048/14 is divided by 11?
8
Let a(o) = 13*o - 261. Calculate the remainder when a(37) is divided by 74.
72
Let s = -96 - -186. What is the remainder when s is divided by 24?
18
Let m = 12 + -15. What is the remainder when 58 is divided by (-7)/((-7)/m) + 18?
13
Let k(v) = -v**2 + 6*v - 5. What is the remainder when k(4) is divided by 0 + (1/(-5))/(3/(-30))?
1
Let n(u) = -3*u - 1. Let z be n(2). Let a(t) = -t**2 - 8*t - 10. Let f be a(z). Let m(k) = -8*k - 7. What is the remainder when 31 is divided by m(f)?
14
Suppose -q + 4*t = -64, 4*q + 6*t - 5*t - 341 = 0. Calculate the remainder when 95 is divided by q.
11
Suppose 4*z = -0*z - 4*d + 16, 5*d = z - 10. Suppose 4*l = -20, -l - 615 = -z*o - 0*l. Calculate the remainder when o is divided by 31.
29
Let o(c) = c**2 - 7*c + 7. Suppose -5*l + 7 = -4*l. Let j(g) = g**2 - 10*g + 10. Let t(d) = l*o(d) - 5*j(d). What is the remainder when 25 is divided by t(-3)?
11
Let h(n) = n + 6. Let m be h(5). Suppose -20*w - 376 = -16*w. What is the remainder when (m - 10)*(-1 - w) is divided by 24?
21
Suppose 0 = -2*u + 92 + 26. Suppose -44*c = -55*c + 132. What is the remainder when u is divided by c?
11
Let p be 151 - (11/(-44))/((-1)/16). Suppose p = d + 52. Calculate the remainder when d is divided by 34.
27
Calculate the remainder when 174 is divided by (38/(-19))/((-2)/59).
56
Suppose 3*l + 0*l = s + 70, 4*l + 2*s - 90 = 0. Suppose -3*p - l = -65. Calculate the remainder when p/7 + -1 + 14 is divided by 8.
7
Suppose -14 = -2*d + 3*v, -2*v = -d + 2*d - 14. Let y(i) = -7*i**3 + 2*i**2 + 2*i - 4. What is the remainder when y(-2) is divided by d?
6
Let s = -1384 - -1689. What is the remainder when s is divided by 63?
53
Let j = 12 + -9. Suppose 3*w - 16 = -5*t, -w + 2*w = -3. Suppose 5 = h + 2*z, 3*z = t*h - 36 + 11. Calculate the remainder when h is divided by j.
2
Let z be (-16)/24 - 17/(-3). Suppose -35 = -3*u + z*b, 19 + 13 = 4*u - 3*b. Suppose 34 = -u*p + 129. Calculate the remainder when p is divided by 5.
4
Let v be -4*3/6 + 3. Let y(m) = 6*m**2 - 1. Let w be y(v). Let l = 7 + w. What is the remainder when 34 is divided by l?
10
Suppose 2*f = -5*z - 63, 5*z + f = -2*f - 67. Let g = 44 + z. What is the remainder when g is divided by 3 - (1 + -6 - 1)?
6
Calculate the remainder when (36/(-12) + 14/3)*21 is divided by 21.
14
Let t(j) = j**3 - 5*j**2 + 2. Let s be t(5). Suppose 10 = 4*g - 2*f - 84, s*g = -3*f + 59. Calculate the remainder when g is divided by 14 + -2 + 1 + 2/2.
11
Let y(w) = -w**2 + w + 10. Let v be y(-6). What is the remainder when 156 is divided by (1 + -3 - v)*32/48?
16
Suppose 2 = 2*h, 3*c - h = -2*h + 91. Calculate the remainder when c is divided by 16.
14
Suppose -21*n = -6*n - 225. What is the remainder when 43 is divided by n?
13
Suppose -169 = -9*g + 272. Let t = g - 41. What is the remainder when t is divided by 2?
0
Let k be ((-18)/(-4) - 2)*2. Suppose 0 = -13*w - 62 + 166. What is the remainder when (-5 + -3)/((-2)/k) is divided by w?
4
Let j = 28 + -9. What is the remainder when 129 is divided by j?
15
Suppose -2*n - 4 - 164 = -3*s, 0 = -2*n + 6. What is the remainder when 191 is divided by s?
17
Suppose -h + 4*h - 2*a - 43 = 0, 5*h + 5*a - 30 = 0. Calculate the remainder when h is divided by 2/15*21*(-10)/(-4).
4
Let f be 4/(-16) + (-270)/(-24). Let w = f + 0. What is the remainder when w is divided by 4?
3
Let q = -26 + 37. Suppose 2*o + 17 = 3*g - 15, -2*o + 4*g - 34 = 0. Let w = -10 - o. What is the remainder when q is divided by w?
2
Let i = 3 + 2. Suppose 4*j - 2*h + 51 + 13 = 0, 5*j - i*h + 75 = 0. Let w = j - -34. What is the remainder when 67 is divided by w?
16
Suppose -44 = -2*b - 4*t + 22, 3*t = 2*b - 45. Let l = 19 + -12. Let m(v) = -v**2 + 8*v. Calculate the remainder when b is divided by m(l).
6
Let i = 186 - 106. Suppose -b + 0 = 5*x - i, -5*b - 80 = -5*x. Suppose 3*g - 64 = -x. Calculate the remainder when g is divided by 5.
1
Let g(b) = b**2 - 20*b - 57. Let n = 22 + -12. What is the remainder when g(-4) is divided by n?
9
Let z(h) = -h**3 + 7*h**2 + 5*h + 2. Let n(r) = 39*r - 800. What is the remainder when z(6) is divided by n(21)?
11
Let k(t) = -t**2 + 12*t - 6. Let j be k(11). Suppose -81 = -3*b + j*y + 33, 2*y = b - 38. Let q = -66 - -86. What is the remainder when b is divided by q?
18
Let i(c) = 2*c**2 + 12*c - 26. Calculate the remainder when 133 is divided by i(4).
25
Let c = -29 - -31. Suppose -4*j + 6*j = 5*m - 450, 0 = c*m - j - 180. Suppose -u - 2*u + 109 = 5*p, 2*p + u = 44. What is the remainder when m is divided by p?
21
Suppose -4*x - 5*m - 21 = 0, -6 = -3*x + 2*x + m. Let i be (1 - 3) + x/1. What is the remainder when 17 is divided by (14/4 + i)*2?
2
Suppose 6*i - 17*i = -132. Suppose 515 = 5*p + 4*r, 4*p - 2*r - 470 = -58. Let l = 150 - p. Calculate the remainder when l is divided by i.
11
Let h = -598 - -625. What is the remainder when 637 is divided by h?
16
Let t = -309 + 434. Calculate the remainder when 254 is divided by t.
4
Let u be (-88)/12*(-9)/6. Let q(v) = -v**3 + 11*v**2 - 3. Let x be q(u). Let h(l) = -2*l - 4. What is the remainder when 4 is divided by h(x)?
0
Suppose 0 = -2*y - 40 + 64. What is the remainder when 105 is divided by y?
9
Suppose 0 = -3*i + 156 + 150. Let j be i/3 + (4 - 7). Suppose 3*n = -o - 4*o + 50, 0 = 3*o + 2*n - j. What is the remainder when 18 is divided by o?
4
Let a(w) = -4*w**2 - w + 2. Let f be a(-2). Calculate the remainder when 48 is divided by (f/12)/(2/(-34)).
14
Suppose -3*p + 4*x + 80 + 39 = 0, 5*p = x + 204. Suppose -p*t + 42*t = 38. What is the remainder when t is divided by 8?
6
Let k = 306 - 145. Suppose -2*p - k = -9*p. What is the remainder when 182 is divided by p?
21
Let l be 4 + 0 - -2*30. Calculate the remainder when 46 is divided by (l/6)/(1 + 3/(-9)).
14
Let q = -347 + 347. Let k be 2/1*(-51)/(-6). Suppose q = -k*d + 12*d + 150. What is the remainder when 57 is divided by d?
27
Let b = 50 - 31. Let g = -136 + 208. Calculate the remainder when g is divided by b.
15
Let m = 10 - 7. Suppose 5*c + 1969 = 4*f, m*f - 2435 = -2*f + c. What is the remainder when (0 - -2)*f/12 is divided by 21?
18
Let z(f) = -f**3 - 6*f**2 + 13*f. Let l be z(-8). Let g = -242 - -372. Calculate the remainder when g is divided by 66/(2/(-1) + -20 + l).
31
Let n = -29 - -21. Let k = 20 + n. Let u = 3556 + -3533. Calculate the remainder when u is divided by k.
11
Let z(v) = 6*v - 42. Let p(s) = 9*s - 37. Let g be p(5). Suppose -2*k = -0*k - 18. Calculate the remainder when k is divided by z(g).
3
Suppose -4*p + z + 1142 = 0, -2267 + 843 = -5*p + 3*z. What is the remainder when p is divided by 125?
36
Suppose 4*n + 992 = 2*r, -4*r - 2*n = -4*n - 1966. Calculate the remainder when r is divided by 19.
15
Suppose 101*o - 97*o - 196 = 0. Calculate the remainder when o is divided by 39.
10
Suppose -y + 5*y = 8. Let v be 0 - (1 + y) - -6. Suppose -v*j + 5*j - 172 = 0. What is the remainder when j is divided by 22?
20
Suppose -3*x - 393 = -3*o, 0*o = o - 3*x - 133. What is the remainder when o/15 - 8 - 271/(-3) is divided by 23?
22
Let z(x) = -x**3 + 17*x**2 + 11*x + 4. Let l be z(18). Let k = -71 - l. What is the remainder when k is divided by 13*(0/2 + 1)?
12
Let q(z) = -2*z + 99. Le